igit of c?
0
Let k(c) = c - 2. Let a be k(7). Suppose a*g = 2*g + 33. What is the tens digit of g?
1
Let h be 46 - (3 - (7 + -3)). Let q = h - 29. What is the tens digit of q?
1
What is the tens digit of -2*(175/(-10) + 0)?
3
Let k(q) = q**2 - 7*q + 9. Let g be k(7). Suppose -n - g = -4*n. Suppose 12 = 2*v + 3*i, v + i - n = 2. What is the units digit of v?
3
Let h(a) = -a + 1. Let m be h(-3). Let w be (-14)/(-1)*2/m. Suppose 0 = -c - 3*p + w*p + 22, 3*c = 4*p + 42. What is the tens digit of c?
1
Let c(n) = n**2 + n + 1. Suppose l - y + 3 = -1, -5*y + 8 = l. Let g be c(l). What is the units digit of g/5 - 14/(-10)?
2
Suppose -9*g = -g - 1512. What is the hundreds digit of g?
1
Suppose 2*t = 13*t. Let w(p) = p**3 + 3*p**2 + 1. Let y be w(-2). Suppose t*a - 85 = -y*a. What is the tens digit of a?
1
Let a(g) = -g**3 + 4*g**2 - g - 6. What is the tens digit of a(-6)?
6
Let b = -166 + 300. What is the tens digit of b?
3
Let i = 1 + 0. Let w = 8 - i. Let j(u) = u**2 - 6*u + 3. What is the tens digit of j(w)?
1
Suppose 3*v = -5*a + 60, -2*a + v - 41 = -6*a. Suppose a = n + 2. What is the units digit of n?
7
Suppose n + w - 18 = 5*w, -3*w - 22 = -5*n. Suppose n = 3*h - 13. Suppose -2*f + 2*t - 4*t = -22, -2*f + h*t = -1. What is the units digit of f?
8
Let n(z) = 17*z + 1. Let a be n(3). Let o be a/(-14) + 6/(-21). What is the units digit of -4*2/o + 0?
2
Let o(m) = 5*m + 9. Let x be o(-6). Let g = -8 - x. What is the units digit of g?
3
Let y be ((-21)/(-35))/((-1)/(-55)). Suppose 3*n = -z + 9 + 19, -y = -z + 2*n. What is the tens digit of z?
3
Let c = 46 + -30. Let d = c - 6. What is the units digit of d?
0
Suppose -16 = -4*f + 48. What is the tens digit of f?
1
Suppose -v - 1 = -10. What is the units digit of v?
9
Let z = 1102 + -744. What is the units digit of z?
8
Let l = 148 + -90. What is the units digit of l?
8
Let t(k) = k + 59. What is the tens digit of t(-9)?
5
What is the hundreds digit of (-1 + 3/(-15))/((-1)/135)?
1
Let v(u) = -18*u. What is the units digit of v(-3)?
4
Let d = 90 - -4. What is the tens digit of d?
9
Suppose -g - 5*k = 3, -4*k + 7 = 2*g - 7*k. Let p(v) = 2*v**3 + v**2 - 2*v + 3. What is the units digit of p(g)?
9
Let w(j) be the second derivative of j**4/12 - j**3/2 - j. Let t be w(4). Suppose -3*b = -b - t. What is the units digit of b?
2
Let p(t) = t + 5 - t - t**2 + t. Let n be p(0). Suppose -4*m + 11 = -n. What is the units digit of m?
4
Suppose 5*m + 59 = -5*z - 21, 0 = -3*z - m - 38. Let g = z + 16. Let o(y) = y - 1. What is the units digit of o(g)?
4
Let k(i) = 3*i**3 + 4*i - 14. Let r(f) = 5*f**3 + 7*f - 28. Let q(a) = 7*k(a) - 4*r(a). What is the tens digit of q(0)?
1
Let f(s) = -4*s - 15. Let j be 0 + (4 - 1) + -9. What is the units digit of f(j)?
9
Suppose 4*k - 3*f - 56 = 0, -k = 4*k + 5*f - 70. What is the tens digit of k?
1
Let y = -597 - -948. What is the units digit of y?
1
Suppose 2*x + 5 = -x + w, 5*x - 20 = -4*w. Suppose -2*b + 4*b - 3*t = 23, x = 4*b + t - 81. What is the tens digit of b?
1
Suppose -77 = -3*c + 25. Suppose -2*j + 2*u + c = u, -j - u = -20. What is the tens digit of j?
1
Suppose -4*y = -2 - 22. Let r be -8*3*1/y. What is the units digit of (-12)/(-8)*r/(-3)?
2
Suppose 0 = 4*y + 5*q - 1 - 6, -4*y - 5 = q. What is the units digit of (-22)/(-2) + y + 4?
3
Let p(y) = y**3 + 9*y**2 - 12*y - 30. What is the units digit of p(-9)?
8
Suppose -3*h + 1018 = 4*c, -h - 10 = 3*c - 341. What is the units digit of h?
6
Suppose -2*x = x - 102. What is the units digit of x?
4
Let f = 28 + 18. What is the tens digit of f?
4
Suppose 0 = 5*q - 0*q - 190. Suppose 3*u + q = 143. Let s = u - 17. What is the units digit of s?
8
Suppose -6 = -2*f - 5*n, 3*f - 2*n = 1 + 8. Suppose 0*g - 3*g + f = 0, -g - 2 = -r. Suppose 0 = 2*k + k - r. What is the units digit of k?
1
Let g = -7 + 16. What is the units digit of g?
9
What is the tens digit of ((-206)/6 + 1)*(-168)/20?
8
Let m(v) be the second derivative of 11*v**5/20 + v**4/12 - v**3/6 + v**2/2 + v. What is the tens digit of m(1)?
1
Let a be 162/90*3/((-18)/(-20)). Let d(x) = -3 - x**3 + 10*x - 4 + 0*x**2 + 5*x**2. What is the units digit of d(a)?
7
Let n(q) = 1 - q + 2*q + 0*q + 0*q. Let l(w) = -5*w**3 + w**2 + 2*w + 1. Let v be l(-1). What is the units digit of n(v)?
6
What is the tens digit of 30/(4/(2 - -2))?
3
Let s = 47 + -25. What is the tens digit of s?
2
Let s(d) = -d**3 - 3*d**2 - 2*d + 2. Let g be s(-2). What is the units digit of (-1 - g)/((-1)/6)?
8
Suppose 4*q - 5*c = -17, 7*q - 2*q + 10 = 4*c. What is the units digit of q?
2
Suppose b + b = -5*c + 26, 0 = -3*b - 3*c + 30. What is the units digit of b?
8
Let m(q) = q**2 + 3*q - 13. What is the units digit of m(7)?
7
Let z = -134 - -226. What is the units digit of z?
2
Let g be (26/39)/(4/18). Let t(b) = 2*b**2 - 3*b - 1. What is the units digit of t(g)?
8
Let o = 32 + -13. What is the tens digit of o?
1
Let t = 31 + -7. What is the units digit of (6/(-9))/(-1)*t?
6
Suppose 44 = 2*g + 8. What is the units digit of g?
8
Suppose 0 = 4*x - 6*x - 14. Let i(u) = -u**2 - 8*u - 3. Let m be i(x). Suppose 0 = -w - 2, -m*f + 5*w + 53 = -41. What is the tens digit of f?
2
Suppose -24 = 5*w - 8*w. Suppose 4*y = 2*y - w. Let k(m) = m**3 + 5*m**2 + 2*m - 3. What is the units digit of k(y)?
5
Let w(l) = -13*l + 8. What is the units digit of w(-4)?
0
Let s(n) = -n**2 - 17*n - 15. Let c be s(-14). Let i = c - -1. What is the tens digit of i?
2
Let l be 8/6 - 8/(-12). Let w(x) = 0*x - 3*x + 4*x. What is the units digit of w(l)?
2
Suppose -2*s + 5*s - 6 = 0. Suppose -y + 4*r = -7, -10 = -5*y + s*r + 7. Suppose y*k = -0*k + 24. What is the units digit of k?
8
Let t = 309 - 121. What is the hundreds digit of t?
1
Let u(g) = g**2 + 10*g - 13. What is the hundreds digit of u(7)?
1
Let k(i) = -i + 1. Let z be k(-1). Let n(y) = -3 + z*y - 2*y - 2 - 2*y. What is the tens digit of n(-9)?
1
Suppose -442 = -7*b + 230. What is the tens digit of b?
9
Suppose -4*t + 4 = -u, 2*t - 1 = 3*u + 11. Suppose t = -d + 3*d - 8. Let j(q) = 3*q + 2. What is the tens digit of j(d)?
1
Let i = -113 + 173. Suppose -2*c - 2*c = -3*d + 32, -4*d + c + i = 0. What is the units digit of d?
6
Let i(h) = -27*h - 9. What is the units digit of i(-3)?
2
Suppose -3*s = 5*g - 28, 0*s + 5 = 2*g - 5*s. Let j = -7 + g. What is the units digit of (j/3)/(6/(-117))?
3
Let d be 13 + -13 - (0 + -3). Suppose 5*r + b = 2*r + 14, -4*b = -r - 4. Suppose -7 + 0 = -d*x + r*w, w = 2. What is the units digit of x?
5
Suppose -2*f + 5*f - 15 = 0. Suppose -19 - 56 = -f*t. What is the tens digit of t?
1
What is the hundreds digit of ((-2)/2)/(1/(-191) - 0)?
1
Suppose -4*u - 425 = -3*s - 5*u, 4*s = 5*u + 554. What is the hundreds digit of s?
1
Suppose -5*t - 16 = -56. Let d = 14 - t. What is the units digit of d?
6
Suppose -3*q + 201 = 3*o, -q = -4*q - 2*o + 200. What is the tens digit of q?
6
Let v = 2 - 2. Suppose -8*g + 3*g - 10 = v. Let o = g - -16. What is the tens digit of o?
1
Suppose 3*s + y - 441 = 0, 3*y + 34 - 321 = -2*s. What is the units digit of s?
8
Suppose 5*k + 39 = -31. Suppose -113 = -4*s - q, 0*q - 5 = -q. Let a = k + s. What is the units digit of a?
3
Suppose 0 = -3*p - 4 + 22. Suppose p = 4*h - 3*h. What is the units digit of h?
6
What is the tens digit of 354/14 - 16/56?
2
Let g be (-240)/39 - (-2)/13. What is the tens digit of 0 + -1 + (21 - g)?
2
What is the units digit of 44/(4*1/4)?
4
Suppose -73 - 91 = -4*d. Let p = -29 + d. What is the tens digit of p?
1
Let s = -75 - -135. Suppose -4*l + 3*t = -159, t - s = -2*l + 17. Suppose -4*g + 7*g - l = 0. What is the tens digit of g?
1
Let i(c) = c**2 + 4*c - 3. Let v = -3 + -3. What is the units digit of i(v)?
9
Let a(f) = -4*f - 2. Let m be a(-3). Suppose 0 = 4*j - 0*t + 4*t - 24, -2*j + m = 4*t. What is the units digit of j?
7
Let n be (-607)/(-7) + (-28)/(-98). Suppose n = 5*x + 2. What is the units digit of x?
7
Let i(j) = j**2 + 7*j + 6. Let p = -17 + 10. Let l be i(p). What is the units digit of (5/(-1))/((-2)/l)?
5
Let y(x) = x**2 + x - 2. Let j be y(-3). What is the tens digit of (j - 3) + 1*19?
2
Let d = 6 + -3. Suppose -4*l = -2*m, -m - d = 4*l + 27. What is the units digit of 36/15 - (-4)/m?
2
Suppose 3*p - 244 = 185. What is the units digit of p?
3
Suppose 5*u = 4*i - 40, 3*u + 0*i + 37 = 5*i